 2)?
-117
What is (10 + 5 - 133 - -14) + 11 + -2?
-95
What is the value of -28 - (-15 + (11 - -45) + -34)?
-35
Evaluate -11 + (18 - (-39 + -8 + 24)).
30
Calculate (-20 - (-15 - (-7 + -8))) + (6 - (-3 + 5)).
-16
Evaluate 159 + -144 + -5 + 4 + -20.
-6
What is the value of 5 - (37 - (-21 - -19))?
-34
What is the value of -7 - (6 + (-18 - 5) + -33 + 22)?
21
What is -32 + (-106 - (14 + -82))?
-70
What is the value of (5 - (9 - 6) - 1) + (84 + -39 - 6)?
40
Calculate 2 + (81 + 1 - (10 + -11 + 15)).
70
-24 + (3 + 123 - 199)
-97
What is the value of -223 + 221 + 118 + -199?
-83
What is the value of 6 - (9 - 1 - (51 - 31 - -9))?
27
What is (-13 + -7 + 13 - -50) + -11?
32
-7 + 26 - (-56 + 68) - (-3 + 1 + 34)
-25
What is -5 + 104 - (33 + -47 + 39)?
74
What is the value of -2 - (41 - (-46 - -75)) - (-19 + 1)?
4
Calculate -13 + 2 + 17 + -43 + 48.
11
Calculate (2 - -69) + 4 + -23 + 4 + 7.
63
Evaluate (-22 - 3) + 22 - -19 - (2 - -8 - 0).
6
-11 + -91 + (22 - 11)
-91
What is -22 + 108 + (20 - 36) - (5 + 4)?
61
Calculate (-63 - -1) + 1 + -1 + (697 - 683).
-48
Evaluate (-6 - ((-69 - 7) + 16)) + (-11 - -1).
44
(28 - (101 - 31)) + -6 + 28
-20
Evaluate -34 + 70 + -12 + -42.
-18
Evaluate -10 + (118 - 54 - 55).
-1
80 - (27 - -6) - 72
-25
Calculate (-15 - (9 - (10 - -1))) + -89 + -3.
-105
What is (-1 - 14) + -6 + -8 + (12 - 4)?
-21
Calculate (-291 - -101) + 47 + 20.
-123
Evaluate 27 + (4 - (1 + 10 + 1 + -14)).
33
Evaluate -26 + 39 + 21 + (-17 - -6) + -1.
22
What is (30 - (-14 - -33)) + 23 - -46?
80
Evaluate -21 - (-8 + 12 + -21) - (9 + -1 - 93).
81
Evaluate 7 + (-8 + 3 + 2 - (2 + -2)) + -42.
-38
Evaluate 0 + 64 - 2 - 9 - (3 - -7) - -2.
45
-1732 + 1676 + (-2 - 1) + 1
-58
Evaluate 11 - 2 - ((52 - 19 - 18) + -39).
33
(-44 - 1) + (-10 + 44 - 30)
-41
Evaluate -69 - (74 + -52) - -27.
-64
Evaluate -2 + 14 - (19 + 3 + 10 - -23).
-43
Calculate 8 - -76 - 217 - -196.
63
What is 63 - (38 + -10) - (25 - 12 - (1 + 1))?
24
Evaluate (-12 - (-11 + 16 + -2)) + 63.
48
Calculate (-1 - (-32 - -3)) + (716 - 699).
45
Evaluate (-28 - -18) + -15 + -17 + -4.
-46
Evaluate -53 + -18 + 50 - -25 - -46.
50
(129 + -2 - 131) + (-1 - -36)
31
Evaluate 60 - 89 - (-2 - (2 - 5) - -6).
-36
Calculate (-2 - (-5 - 0)) + (650 - 367 - 254).
32
Calculate -16 + (52 + -18 - (-56 - -95)).
-21
4 + -41 + -758 + 731
-64
143 + (-48 - -119 - 130)
84
What is (0 - 33) + (37 + (-40 - -2) - (10 + -2))?
-42
Calculate -2 + 0 + (-31 + (57 - 38) - (0 - -20)).
-34
2 - 40 - (6661 - 6706)
7
Evaluate -1 - (-39 + -30 - -17).
51
Evaluate (-95 - -217) + -60 + 1 + 17.
80
Evaluate 13 + -4 - (12 + (8 - 19) + (-4 - -7)).
5
-480 + 483 + 21 + -104
-80
Calculate 28 - (-6 + 104 + -56).
-14
What is -49 + -3 + 6 + 10 + -12?
-48
-1 + -17 - (-76 - (-4 + (-26 - -31)))
59
What is the value of -3 + -118 + 7 + (93 - 31 - 76)?
-128
What is 45 - (1 + -3 + (-2 - -5) - (7 + -6))?
45
Evaluate -7 + 64 - (109 - 29).
-23
(-1 - -1) + 15 - (-28 - -18 - -3)
22
-1 + 1 + 1 - (-3031 - -3090)
-58
What is 2065 + -2062 - (-1 - 19)?
23
2 - 22 - (645 - 675) - (-10 - 1)
21
What is the value of -74 - (15 + (27 - (14 - -20)))?
-82
Calculate (-49 - (-24 + -8)) + 7.
-10
(18 - 0) + (1 - 43 - (1307 - 1347))
16
1 + -13 + (-269 + 131 - -188)
38
Evaluate 33 + (-13 + (8 - 1) - (11 + -15)).
31
What is the value of 0 - (18 - -9 - (-9 - -17 - 6))?
-25
What is 9 + -3 + 35 - (21 - 20)?
40
What is (32 + -17 - 2) + -23 + 14?
4
What is -30 + (-57 - -29 - -31) - (-1 + -8)?
-18
What is the value of 3 - ((-22 - 1) + (2 - (-12 + 2)))?
14
Calculate 2 + 28 - (1901 - 1864).
-7
Evaluate -12 + 133 + -37 - (18 + -1).
67
Calculate (9 + -31 - (-81 + -3)) + 0.
62
What is the value of 0 + 49 + -1802 + 1739?
-14
What is the value of 75 - ((229 - 55) + -113)?
14
-31 + -1 + -542 + 598
24
What is the value of -3 + 2 - 54 - (-62 + -55 + 114)?
-52
Calculate (-36 + 38 - -32) + -48.
-14
-25 - (-169 - (1 - 58)) - (-2 - (-2 + 2))
89
2 + -10 + 7 + (2 - (14 - 5)) + 19
11
What is -5 - ((2 - -5) + -10 + 47 + -3 + 12)?
-58
Evaluate -9 + (8 - (-17 - -14)) + 7 - 32.
-23
What is the value of -17 + (-17 - 14) - (-1 + -11 + -1)?
-35
What is -5 - (0 - 2) - -14 - (24 - (2 + 10))?
-1
-86 + -2 - (-924 + 866)
-30
What is 13 + -23 + (-13 + -3 + 8 - -17) - 42?
-43
Evaluate 47 - (-31 - -37) - 5 - -73.
109
(9 - (13 + -6)) + -3 + -17 + 11
-7
Evaluate 1 + 0 + -9 + 108 + -105 + -14 + 66.
47
Calculate -10 + -33 + 28 + (0 - -5) + -13.
-23
What is the value of -116 + (-44 - -43) + -3 + -3 - (1 - 10)?
-114
Evaluate -12 - (6 - (36 - -12)).
30
What is the value of -19 + 15 + -24 - (-7 + (-3 - -1 - 0))?
-19
Calculate -25961 + 26014 + (0 - 23).
30
What is (24 - (5 - 50)) + (10 - -10)?
89
What is the value of -1 + 88 + 90 + 64 + -91 + -62?
88
What is the value of (-29 - 51 - -28) + -19?
-71
Calculate 1 - 2 - 5 - (-174 + 55 - -76).
37
Evaluate 134 + -124 + -117 + -38.
-145
What is the value of (-1 - (7 + -2 + -3 + 2) - 5) + 80?
70
What is -39 + 1 + 186 + (-43 - 173)?
-68
What is the value of (-319 - -90) + 113 - -56?
-60
What is the value of 26 - (-4 + -18 - -6 - (62 + -35 - 34))?
35
1 - (23 + 2 - 3) - (21 - (-54 - -76))
-20
Evaluate -5 + -15 + 4 + (3 - ((-11 - -16) + 2)).
-20
What is the value of (-19 - -1) + -231 + (-16 - -271)?
6
What is the value of (-2 - -1) + -47 + 19 + -34 + (8 - -24)?
-31
Calculate (-2 - 7) + -10 + (15 - -2) - -85.
83
What is 986 + -982 - (0 + 1 - 3 - 27)?
33
778 + -787 + (-11 + (2 - 6) - 4)
-28
12 + 32 + 32 + (-25 - 126)
-75
What is the value of 73 + (-13 - -4 - (-9 + -15)) - -14?
102
Evaluate -17 + 4 + 8 + -6 + 43.
32
13 - (-25 + -25 - -54) - (-118 + 0)
127
What is (-3629 - -3606) + 67 + 1?
45
Evaluate -52 + (5 - (-40 + -63)).
56
-28 - (-455 + 453 + (1 - (-2 - 0)))
-29
88 + (22 - (1 - (-41 - (-23 + 10))))
81
Evaluate 105 + (57 - 139) + -32.
-9
Evaluate 276 + 43 + -315 - (0 + -81).
85
What is the value of -64 + (75 - 79 - ((-1 - 3) + -7 + -2))?
-55
Calculate -6 + -3 + (-50 - ((32 - 20) + -30)).
-41
What is 24 + -8 + (13 - 8) + -3?
18
Calculate (13 - (-22 + 65)) + 29.
-1
Calculate 29 + 16 - 10 - 19.
16
Evaluate (28 + 14 + -12 - 13) + -54 + 0.
-37
Evaluate -20 + 86 + -116 - -101.
51
What is the value of 3 - (35 + -15) - (0 + 13)?
-30
What is -23 - (-25 - 2) - (7 + 3 - 4)?
-2
Evaluate -10107 + 10070 - (-2 + 2 - 118).
81
What is -13 + 0 + (344 - 358 - (-26 - -1))?
-2
What is the value of -111 - (-2 - -6 - (15 + (24 - (27 + -5))))?
-98
What is -41 - ((-8 - -41) + -19)?
-55
Calculate (-707 - -694) + (1 - 0) + 2 - -27.
17
7 + (-7 + -16 - (-1 + 15))
-30
Evaluate 46 - 35 - -25 - (1 + -3).
38
What is 5 + 0 + (-5 - (-6 + 3)) - (131 - 120)?
-8
Calculate 21096 + -21123 + (-1 - (-2 + -95)).
69
Evaluate (-29 - (-65 - -54)) + 10.
-8
What is -25 + (48 - 34) + 7 + (-3 - (0 + 3))?
-10
Evaluate -103 - (-96 - (31 + -74)).
-50
What is the value of 17 + -134 + 74 + (1 - -2 - -2)?
-38
Calculate -9 + 5 - ((6 - 0) + -9).
-1
What is the value of (-51 + 54 - (26 + 2)) + -12?
-37
Calculate 52 + -122 + (0 - -75).
5
What is the value of (27 - -4) + -56 + -58 + 33?
-50
Evaluate (0 - (5 - -3)) + 0 + 13 + (43 - -12).
60
7 - (-36 + 12 + 24 + -5)
12
What is 1 + 18 + -131 + -69 + 84 + -37?
-134
Evaluate (-8 + 1 - -4 - (1 - (-10 - -9))) + 1.
-4
31 + 2 + -19 + (0 - (8 - 21))
27
Evaluate (15 - (14 - -14)) + -42 + (-3 - -7 - -1).
-50
What is the value of -89 - (-22 - 0 - (-207 - -211))?
-63
-12 - (-89 - (-5 + 9 - 5 - (-50 - -44)))
82
Evaluate (0 + 19 + -16 - -25) + -34.
-6
Calculate -11 + 22 + -11 + 32 - -12.
44
What is the value of -15 + 89 + -43 - 20 - -54?
65
What is the value of (-37 - 1) + 143 + -109 + -23?
-27
Evaluate -11 + 48 + (10 - 14).
33
Evaluate 8 + 4 + 20 + 3 + 22.
57
Evaluate 96 + (-12 - -2 - (-55 - (-61 - -26))).
106
Evaluate -3 + (27 - 58) + 43.
9
Calculate -9 + 0 - ((2 - -9) + (-4 - -22 - 14)).
-24
Evaluate (-11 - -5 - -7) + -22 - -17.
-4
What is the value of -4 + 19 + ((-104 - -27) + -2 - -36)?
-28
Calculate 34 - 94 - (-32 - -13) - 12.
-53
What is -12 - -1 - (9 + 6 - (-172 - -213))?
15
Calculate -3 - (-10 + (12 - (1 + -2 - (2 + -123)))).
115
What is 4 - 5 - ((8 + 16 - 4) + -86)?
65
What is 54 - (-14 + 10 + (4 - (-7 + 21)))?
68
What is 847 + -835 + (-3 + -94 - -1)?
-84
Evaluate (72 - (146 + -62)) + -25 + 0.
-37
Calculate 17 - (158 - 152 - (27 - 2)).
36
Evaluate -11 + (-67 + 53 + (1 - -11) - (-2 - 18)).
7
Calculate -8 + -11 + (12 - (3 +